 factors of t.
2, 13
Let l(i) = i**3 + 107*i**2 + 2517*i - 1. List the prime factors of l(-45).
2, 37, 83
Let q(a) = -a - 7. Let z(h) = 4*h - 1. Let o(x) = q(x) + 4*z(x). Let i = 14 - 5. What are the prime factors of o(i)?
2, 31
Let r = 1639 + -879. Let f = 1248 - r. What are the prime factors of f?
2, 61
Suppose 4*a - 2931 = 5*l, a = -l - 2*l - 1745. Let o = -361 - l. Suppose -4*p = -p, 3*m + 2*p = o. List the prime factors of m.
2, 37
Suppose -38993 = 37*s - 280566. List the prime factors of s.
6529
Let g(q) = -q**2 + 6*q + 41. Let s be g(17). Let h = s - -374. List the prime factors of h.
2, 3, 19
Suppose -n + 4*p + 0*p = -26845, -4*n + 5*p + 107325 = 0. List the prime factors of n.
5, 29, 37
Suppose -3*p = -1654 - 1298. Suppose p = k + 240. What are the prime factors of k?
2, 3, 31
Let n(v) = 2*v + 12. Let g be n(-12). Let f be (1 - g/(-4))/(2/(-3)). Suppose 111 = 4*o + o + 4*i, -o = -f*i - 7. List the prime factors of o.
19
Suppose -8*l = 5*z - 4*l - 8175, -2*z + 3270 = l. Suppose -4*u + 3*x + 1274 = -z, -3*u = -4*x - 2173. List the prime factors of u.
17, 43
Let a = -25 - -768. Suppose -2*b = h - a, b - 3*h + 741 = 3*b. What are the prime factors of b?
2, 3, 31
Let n = -261 + 377. Let h = -103 + n. List the prime factors of h.
13
Let w = 6 - -1. Suppose 0 = w*q + 10*q - 5610. What are the prime factors of q?
2, 3, 5, 11
Let o(r) = -r**3 - 7*r**2 + 9*r + 20. Let l be o(-8). Let b = 12 - l. Suppose b = -h - 4, i = -2*i - 3*h + 159. List the prime factors of i.
3, 19
Let m be (-8 - -10) + (5 - 2). Suppose 0 = m*f, 4*u - 5*f - 526 + 142 = 0. List the prime factors of u.
2, 3
Let m be (-156)/(-15)*(-315)/(-42). Suppose m + 35 = 2*f + 5*u, -3*u + 3 = 0. What are the prime factors of f?
2, 3
Let d(i) = 4*i**2 + 28*i - 2. Let x be d(-7). Let v be x/(-1)*(-4 + 5). Suppose 0 = -j - 5*b + 34, -j + 0*j - v*b + 46 = 0. What are the prime factors of j?
2, 3
Suppose 4 = t + 1. Suppose 49 = -4*d + g, d + t*g = 4*d + 48. Let w = 58 - d. List the prime factors of w.
3, 23
Let k = 531 - 322. Suppose 0 = 7*v - 6*v - a - k, v + 4*a - 229 = 0. List the prime factors of v.
3, 71
Suppose -5*x = 2*m - 560, -8*x - 367 = -11*x + 5*m. Suppose x = -145*n + 148*n. List the prime factors of n.
2, 19
Let q(u) be the first derivative of -2*u**3/3 + 4*u**2 - 8*u + 10. Let f be q(6). List the prime factors of (4/6)/((f/(-948))/4).
79
Suppose 17*u = 41*u - 129004 - 240572. What are the prime factors of u?
3, 29, 59
Let z(o) = -390*o - 808. List the prime factors of z(-9).
2, 7, 193
Suppose -3*a = 4655 + 2671. What are the prime factors of (a/(-10) - -3) + (-6)/30?
13, 19
Suppose 0 = -r + 2*v - 284, -16*v + 13*v - 1103 = 4*r. Let g = -276 - r. What are the prime factors of g?
2
Suppose -66266 + 2189 = -g + 2*s, -4*g - s + 256272 = 0. List the prime factors of g.
79, 811
Suppose s - 26164 = 4*g - 68719, -2*g - 4*s + 21264 = 0. What are the prime factors of g?
2, 3, 197
Let u(l) = l**2 - 19*l + 688. List the prime factors of u(-36).
2, 23, 29
Let m(b) = 782*b - 57. What are the prime factors of m(22)?
13, 1319
Let s(i) = 539*i + 39 + 27 + 54 + 10. List the prime factors of s(2).
2, 151
Suppose 3*n - 4562 = 2*b - 11601, 4*b - 4*n - 14068 = 0. List the prime factors of b.
2, 439
Let h(x) = -44*x + 160. Let w be h(12). What are the prime factors of 11/(44/w)*3/(-2)?
2, 3, 23
Let l be (-56)/(-6) + (-4)/(-6). Let b = -937 - -944. Suppose -l*a + b*a + 66 = 0. What are the prime factors of a?
2, 11
Let h(i) = 160*i**2 - i - 1. Let l(q) = -53*q**2 - 1. Let a(u) = -2*h(u) - 7*l(u). What are the prime factors of a(-4)?
19, 43
Suppose -28923 = -4*t - 5*d, -7*t + 7222 = -6*t + 10*d. What are the prime factors of t?
2, 113
Let m(j) = 389*j + 473. What are the prime factors of m(59)?
2, 3, 61
Suppose 123*k - 33267 = 109*k - 5449. What are the prime factors of k?
1987
Suppose -23*y + 29973 = -32058. What are the prime factors of y?
3, 29, 31
Suppose -978 = -3*m - 2*w, -m + 2*w + 211 + 115 = 0. What are the prime factors of m?
2, 163
Let j = 28199 + -19959. List the prime factors of j.
2, 5, 103
Let a(y) = -y + 23. Let i be a(19). Suppose 3*u - i*m + 52 = 0, 0*m = 4*u - 4*m + 72. List the prime factors of 3*u*((-2)/(-3))/(-1).
2, 5
Let s = 601 + -428. Let k = s - 116. Let b = 79 + k. List the prime factors of b.
2, 17
Let y be (-2)/(-6) - 26/(-3). Suppose 14*h + 5*h = -152. What are the prime factors of 4*(y + h + 442/8)?
3, 5
Suppose 14344*j + 265086 = 14362*j. What are the prime factors of j?
3, 4909
Let b = -530 + 13136. What are the prime factors of b?
2, 3, 11, 191
Let l be 22/3*(-9)/2. Let x(s) = 6*s + 14. Let w be x(7). Let o = w + l. List the prime factors of o.
23
Suppose 11*u = 2*a + 15*u - 18346, -2*a + 3*u = -18388. List the prime factors of a.
5, 11, 167
Let j(q) = -q**2 - 7*q - 7. Suppose 12 = -5*o + o. Let m be j(o). Suppose -v + 174 = m*v. List the prime factors of v.
29
Let t = 10453 - 6261. What are the prime factors of t?
2, 131
Let s = 66825 - 46853. List the prime factors of s.
2, 4993
Suppose 40*i - 37*i - 15 = 0, 36048 = 2*q - 4*i. What are the prime factors of q?
2, 71, 127
What are the prime factors of (30/18)/(35/51009)?
7, 347
Suppose -42 = -3*f - 3. Suppose -7 - f = 4*d. Let s = d - -16. List the prime factors of s.
11
Suppose -4*z + 5*w = -325, 5*z - 6*z = 5*w - 100. Suppose -y - 2*h = -82, h + 0*h = -y + z. What are the prime factors of y?
2, 11
Let b(m) = -1580*m + 3876. What are the prime factors of b(-7)?
2, 1867
Suppose -2212*x = -2217*x + 70200. What are the prime factors of x?
2, 3, 5, 13
Suppose -g - 3 = -8. Suppose -g*h - 4*h + 441 = 0. What are the prime factors of h?
7
Suppose -114*p + 281706 + 476052 = 0. What are the prime factors of p?
17, 23
Suppose 4*i + 17990 = -5*b, 0*b + 5*b = -i - 17975. Let s be b/(-24) - (-2)/8. List the prime factors of 3/(-5 + 759/s).
2, 5
Suppose -i = -5*g + 157, -8 = 4*i - 0*i. Let m = g - 27. Suppose 29 = m*s - 27. What are the prime factors of s?
2, 7
Let w = -6256 + 9433. What are the prime factors of w?
3, 353
Let j(r) = -r**2 - 5*r + 29. Let w be j(-8). Suppose 0 = w*p - 9*p + 2*g + 2986, -5*p + 3734 = -4*g. List the prime factors of p.
2, 373
What are the prime factors of 11023662/494 - (-2)/(-57)*3?
5, 4463
Suppose 3*r + 577*m = 574*m + 26331, r = 3*m + 8781. List the prime factors of r.
2, 3, 7, 11, 19
Let n(r) = 21*r - 10. Let q(k) = -43*k + 20. Let o(w) = -11*n(w) - 6*q(w). Let d be o(-5). Let p = -66 - d. What are the prime factors of p?
79
Suppose 0 = -4*z - 205 + 1005. Suppose -3*k = -7*k + z. Let a = k - 29. List the prime factors of a.
3, 7
Let d(k) = -303*k - 2887. List the prime factors of d(-79).
2, 5, 421
Suppose -132*m = -1906237 - 87359. List the prime factors of m.
11, 1373
Suppose -2*n + 9 = 17, -2*g + 3*n - 296 = 0. Let s = 556 + g. List the prime factors of s.
2, 3, 67
Let j be ((-8)/10)/((-2)/55). Suppose -26*c + 1396 = -j*c. What are the prime factors of c/5 - (-14)/70?
2, 5, 7
Let l be (-4 - (-35)/10)*-4. Let y(d) = -d**3 + 6*d**2 - 4*d. Let z be y(l). What are the prime factors of (-2 - -4)*(z - -13)?
2, 3, 7
Suppose 6 = 3*h - 0, 0 = -3*c + 4*h + 7. Let r(b) = -11*b**2 - 3*b - 2. Let i be r(c). Let a = -18 - i. What are the prime factors of a?
2, 137
Suppose -u + 169 = 4*s, -5*s = 5*u - 0*s - 845. Let b = 1013 + u. List the prime factors of b.
2, 3, 197
Suppose -3 = -h - 5*d, 2*d - 5 = -3. Let o be -6*((-231)/70 - h/(-10)). List the prime factors of 1182/(-8)*(-28)/o.
197
Let b(o) be the first derivative of 10*o**3/3 + 5*o**2/2 + 5*o + 4. Let p be b(-2). What are the prime factors of 1134/p*10/4?
3
Let f(t) be the second derivative of t**4/3 + 2*t**3 + 43*t**2/2 - 117*t. What are the prime factors of f(-6)?
5, 23
Suppose -3*h + 3*n + 32762 + 7918 = 0, 3*n = -h + 13576. List the prime factors of h.
2, 3391
Suppose 3*g - 5*x = 8555, -24*g = -22*g + 5*x - 5720. What are the prime factors of g?
5, 571
Suppose -2*l + 8197 + 10610 = 5*p, -l + 2*p + 9381 = 0. List the prime factors of l.
9391
Let l(t) = -t**3 + 10*t**2 + 13*t - 22. Let h be l(11). Suppose 2*w = 3*m - 136, h*w - m + 69 = -w. Let f = w + 152. What are the prime factors of f?
3
Let f(g) = g + g**2 + 8*g - 2*g - 18. Let i be f(-9). Suppose i = -9*y + 141 + 165. List the prime factors of y.
2, 17
Let j be ((-9)/45*1371)/(1/(-5)). Su